10)/24). Let z be u(j). Calculate the greatest common divisor of 168 and z.
24
Let v = -4 - -9. Let f(s) = 2*s - 6. Let j be f(v). Suppose -3*u = -5 - j. Calculate the highest common divisor of u and 2.
1
Let q = -2 + -43. Let h be q/(((-9)/(-3))/(-3)). What is the highest common factor of h and 30?
15
Suppose 3*f = 2*f + 25. Let n = f + 0. Suppose -14 = -x - 9. Calculate the highest common divisor of n and x.
5
Suppose 10*u = 60 - 10. What is the greatest common divisor of u and 105?
5
Suppose -48 = -0*o - 2*o. Let u be ((7956/85)/(-13))/(4/(-10)). What is the greatest common divisor of u and o?
6
Let o(a) = -a. Let i be o(-5). Suppose -4 = 3*y - 4*y. Suppose 2*w + 4*x = 42, w + 3*w = -y*x + 72. Calculate the greatest common divisor of i and w.
5
Let y be -1 + 0 - (-7)/7. Suppose 6*p - 3*p + 4*v - 8 = y, -4 = p + 3*v. Suppose -m = m - p. Calculate the greatest common factor of 4 and m.
4
Let a = -15 + 17. Let f = 29 - a. Let c = -1 - -28. What is the highest common divisor of f and c?
27
Suppose 5*s = 5*w - 25, w = -4*w - 5*s + 15. Let h(g) = 2*g - g + 0*g. Let v be h(2). Calculate the greatest common factor of v and w.
2
Let f = -16 - -220. What is the greatest common factor of 12 and f?
12
Let i(v) = 3*v**2 - 27*v + 58. Let x be i(2). Calculate the greatest common factor of 2096 and x.
16
Let h(g) be the third derivative of 9*g**4/8 - g**3/2 - 3*g**2. Let k be h(4). Let p = -25 + 46. Calculate the greatest common divisor of k and p.
21
Suppose 0 = -2*a + 3 + 7. Suppose -5*b + 4*z + 1260 = 0, -4*b - 4*z + 1008 = -a*z. What is the greatest common factor of b and 28?
28
Let b be (-4)/(-12) - 50/(-3). Suppose 0 = b*m - 21*m + 192. Calculate the highest common divisor of m and 18.
6
Suppose -87*b - 144 = -99*b. What is the greatest common divisor of b and 12?
12
Let p = -38 + 58. Let f = 23 + -3. What is the highest common divisor of p and f?
20
Let u(i) = -95*i + 2*i**2 - 90*i + 12 + 185*i. Let s be u(0). Calculate the greatest common factor of 96 and s.
12
Suppose 230*x - 236*x = -270. Calculate the highest common divisor of x and 9.
9
Suppose -2*y - 624 = -54*y. Let j = -5 - -11. What is the highest common divisor of j and y?
6
Let w = 85 + -61. Suppose -3*x = 43*r - 39*r - 7, -5*x = 5*r - 5. What is the highest common factor of w and r?
4
Let s(n) = -n**2 - 2*n + 17. Let t be s(-4). Let p(z) = z**2 - z - 4. Let v be p(5). Let q = v - t. What is the greatest common factor of 35 and q?
7
Let u = -580 + 1084. What is the highest common factor of u and 72?
72
Suppose -31349 - 6451 = -27*d. Calculate the highest common divisor of d and 112.
56
Let k(c) = -3*c**2 - c**3 - 4 - 3*c**2 + 4*c**2 - 2*c**2 + 9*c. Let i be k(-7). Let r be 1008/i - 2/(-5). What is the greatest common divisor of r and 39?
13
Let b be 2/(-10) - (-189)/45. Let w = 9 - b. Suppose 5*x - x - 105 = j, 4*x + w*j = 123. Calculate the highest common divisor of x and 9.
9
Let o(x) = -x**2 + x - 16. Let g be o(0). Let n be 8 + (g/4 - -3). Suppose 725 = 12*a - n*a. What is the highest common factor of 29 and a?
29
Suppose -5*m + 3 = 2*f - 0*f, 2*f = 4*m - 24. Suppose 0 = -n + 5*v + 1, 32 = 2*n - v + 12. Let z = f + n. What is the greatest common divisor of 40 and z?
5
Let a be (10/(-3))/(8/(-108)). What is the highest common divisor of a and 5?
5
Let d be 3 + (-1)/5*-145. Calculate the highest common factor of 304 and d.
16
Let s be -6*(-3)/108 + (-11)/(-6). Suppose 0 = 2*u + 4*z - 40, -2 = -s*z + 2. Calculate the highest common factor of u and 32.
16
Let m(a) = a + 17. Let z be m(4). Let l(u) = 3*u**2 - 3*u + 6. Let n be l(4). Calculate the highest common divisor of n and z.
21
Let z(a) = -138*a + 1. Let c be z(-9). Suppose c + 1562 = 17*l. What is the highest common divisor of l and 66?
33
Let t(q) = -q**3 + 17*q**2 + 23*q + 7. Let s be t(18). Calculate the highest common divisor of 1 and s.
1
Let i be (-9283)/(-21) + (-28)/588. Calculate the highest common divisor of 2 and i.
2
Let d = 2 + 18. Let v be (2 - 3)/((-5)/d). Suppose -v*n + 286 - 886 = -4*a, -a = -2*n - 147. Calculate the greatest common factor of 17 and a.
17
Let a be (-11)/2*(14 - 16). Suppose 0 = 4*m + 8, 10*m - a*m - 12 = -5*t. Calculate the greatest common divisor of 34 and t.
2
Let p = -1179 - -1238. Calculate the greatest common divisor of p and 1475.
59
Suppose -7*j + 2*j + 64 = a, -a = 3*j - 40. Let z be (54 - -9)/(6/8). Calculate the greatest common factor of j and z.
12
Suppose -12 = 7*f - 10*f. Suppose -f*i = -k - 97, 0 = -3*k - 0*k + 9. Let o be 15/6*(-3 - -7). Calculate the greatest common divisor of o and i.
5
Let a(x) = 70*x - 966. Let j be a(17). What is the greatest common factor of j and 168?
56
Suppose 2*c = -5*r + 1918, -c = 3*r - 835 - 316. Calculate the highest common factor of r and 6.
6
Let i be (1 - -8)/(6/48). Let f be 1256/52 + 8/(-52). Calculate the highest common divisor of f and i.
24
Suppose -3*c + 2*c = -5*k - 30, 104 = 2*c + k. Calculate the greatest common divisor of c and 1250.
50
Suppose 5*l - 56 = -7*z + 6*z, 0 = -5*z + 2*l + 442. Let f(w) = 4*w**2 + 2*w + 1. Let d be f(3). Calculate the highest common divisor of z and d.
43
Suppose 3*c - 220 = -5*r + 4*r, 4*c - 272 = 4*r. Suppose 4*l - 18 = 2*l. What is the greatest common divisor of c and l?
9
Let x be (-24)/(-18)*15/4. What is the greatest common factor of x and 65?
5
Let r be 3/(-30) + 2275/250. What is the greatest common divisor of 981 and r?
9
Suppose -5*s + 5*q = 10*q - 50, 0 = 5*s + 2*q - 65. Calculate the greatest common divisor of 75 and s.
15
Let w be (26/5)/((-3)/(-180)). Suppose 18*v + 5*v - 897 = 0. What is the greatest common factor of v and w?
39
Let d be (-22)/55 + (-10054)/(-10). Suppose 5*i - d = -105. Calculate the greatest common divisor of 36 and i.
36
Suppose 2*b - 52 = -0*b. Suppose -a - 4*y + 28 = -15, -2*a + 4*y = -74. Calculate the greatest common factor of b and a.
13
Let x(q) = 2*q**3 + 10*q**2 + 6. Let z be x(-5). Suppose z*t - 12 = 18. Calculate the highest common divisor of t and 10.
5
Suppose 5*y + 16 = 9*y. Suppose -p + 17 = 2*p - y*o, -4 = -4*o. What is the highest common divisor of p and 56?
7
Suppose 2*c = 5*x + 21, -3*x - 17 - 26 = -5*c. Calculate the greatest common divisor of c and 64.
8
Let s be (-2 + 9)/1 - 3. Suppose 3*j - s = -j. Let n be ((-4)/(-3))/(26/39). Calculate the highest common factor of j and n.
1
Suppose -16985 = -20*y - 59*y. What is the highest common divisor of 5 and y?
5
Suppose 5*d + 0*d = 80. Suppose 5*v - d = v. Let s(f) = 9*f + 9. Let n be s(v). What is the greatest common factor of 18 and n?
9
Let i = -593 + 890. What is the greatest common factor of 27 and i?
27
Let b(d) = 9 - 6 - 4 - 14*d. Let y be b(-1). Calculate the greatest common divisor of 91 and y.
13
Suppose 2*w - 130 = -46. Let k be 2 + 15 + (2 - 5). Calculate the greatest common factor of k and w.
14
Let m = 25 + -23. Let i(y) = 9*y**2 + 3*y - 3. Let n be i(m). Calculate the highest common divisor of n and 13.
13
Let r(p) = 23*p + 668. Let t be r(-28). What is the greatest common divisor of t and 15?
3
Let x(h) = -h**2 - 13*h - 13. Let y be x(-4). Let k be 6/(-9) + (-3044)/(-12). What is the highest common divisor of y and k?
23
Let p = 6 - -10. Suppose 2*o + 2 = d, -5*d = o - 5*o - p. Let b = d + 14. Calculate the greatest common divisor of 27 and b.
9
Let x = 10 - 2. Let k be 56/x + -4 + (117 - 1). What is the greatest common divisor of 17 and k?
17
Let c(q) = q**2 + 7*q + 3. Let x be c(-7). Suppose x*u - 18 = 2*u. Let l be u/(-45) - (-104)/10. What is the greatest common factor of l and 50?
10
Let s(m) = -m**2 - 15*m + 25. Let b be s(-16). Let k be (0 - 1)/(b/(-675)). Calculate the highest common factor of 50 and k.
25
Let f = 4 - 8. Let i be ((-510)/f)/(-5)*-12. Calculate the greatest common divisor of 34 and i.
34
Let w(d) = -32*d - 54. Let a be w(-2). What is the greatest common divisor of a and 270?
10
Let x = -421 - -503. What is the greatest common factor of x and 2378?
82
Let v = 457 + -337. What is the highest common divisor of 90 and v?
30
Suppose 94 = 3*r - 4*p - 417, -4*p + 479 = 3*r. Calculate the greatest common factor of 15 and r.
15
Let q = -20 + 25. Suppose -2 = -2*b, -349 = -q*a - 3*b - b. Calculate the greatest common factor of 23 and a.
23
Let l be (2/3)/(3/117). Let s be (-9 - (-